e
Is 20263945 a multiple of 108?
False
Does 5551 divide 288418858?
True
Does 320 divide 97633728?
False
Is 140151188 a multiple of 226?
True
Does 2666 divide 495811351?
False
Is 1199656647 a multiple of 18?
False
Is 14 a factor of 3049312?
True
Does 18 divide 48293460?
True
Is 287909514 a multiple of 9?
True
Is 789 a factor of 4798530?
False
Does 32 divide 870220?
False
Is 213 a factor of 219039860?
False
Does 22 divide 2479444?
True
Is 1562741116 a multiple of 7174?
True
Is 40431139 a multiple of 7?
True
Is 8676304 a multiple of 364?
True
Is 17198664 a multiple of 168?
True
Does 3 divide 552175284?
True
Is 2496659154 a multiple of 33?
True
Does 69 divide 2404473?
False
Does 12 divide 949516698?
False
Is 72550649 a multiple of 9?
False
Is 182181780 a multiple of 1010?
True
Does 542 divide 51166697?
False
Is 58 a factor of 618662394?
True
Is 115915003 a multiple of 1905?
False
Is 16 a factor of 1354882751?
False
Does 94 divide 114699364?
True
Is 35077505 a multiple of 35?
False
Is 5604 a factor of 2752166104?
False
Does 471 divide 25243784?
False
Does 101 divide 51476569?
True
Is 3877437 a multiple of 64?
False
Is 131041853 a multiple of 103?
True
Is 39844286 a multiple of 194?
False
Is 10 a factor of 153349980?
True
Is 456069445 a multiple of 131?
False
Is 18 a factor of 854414820?
True
Is 69554296 even?
True
Does 3320 divide 2593737640?
False
Is 1559 a factor of 18796863?
True
Is 34 a factor of 8064120?
True
Is 3059 a factor of 8684501?
True
Is 7 a factor of 11280655?
False
Does 13 divide 1174614324?
True
Does 34 divide 24200520?
True
Does 101 divide 28583059?
False
Does 30 divide 533223990?
True
Does 9 divide 32737383?
True
Is 479625241 a multiple of 52?
False
Does 19 divide 19860510?
True
Is 189993297 a multiple of 5?
False
Does 280 divide 4392923216?
False
Is 17 a factor of 2450409?
False
Is 16 a factor of 280601694?
False
Is 39 a factor of 25622610?
True
Is 9714 a factor of 790848122?
False
Is 2507415243 a multiple of 126?
False
Is 2453 a factor of 45611082?
True
Does 77 divide 338411419?
False
Does 1486 divide 382196298?
False
Does 241 divide 125445188?
False
Is 502589160 a multiple of 120?
True
Is 9671070 a multiple of 3?
True
Does 3266 divide 346686883?
False
Is 85098695 a multiple of 509?
False
Does 23 divide 104353298?
False
Is 2149 a factor of 51754561?
False
Does 5131 divide 2196324550?
True
Is 32 a factor of 5743183?
False
Does 23 divide 9675543?
False
Is 86300618 a multiple of 88?
False
Does 100 divide 25974799?
False
Is 530323817 a multiple of 4380?
False
Is 46257680 a multiple of 34?
True
Is 57269369 a multiple of 233?
False
Does 358 divide 54744286?
True
Is 345 a factor of 155173343?
False
Is 361701892 a multiple of 96?
False
Does 11 divide 43059950?
False
Does 9 divide 6673833?
True
Is 9 a factor of 24906436?
False
Is 18 a factor of 67090464?
True
Is 17097115 a multiple of 3?
False
Is 5 a factor of 4235655?
True
Does 5 divide 136528555?
True
Is 22546842 a multiple of 791?
False
Is 146324808 a multiple of 36?
True
Is 9 a factor of 1345649510?
False
Is 6199 a factor of 5809532060?
False
Is 26 a factor of 743824?
False
Is 3 a factor of 823029378?
True
Is 404 a factor of 1769590700?
True
Does 268 divide 86139220?
True
Is 24100550 a multiple of 190?
True
Is 10 a factor of 133991620?
True
Is 5 a factor of 200558650?
True
Does 132 divide 492246542?
False
Is 481 a factor of 343226344?
False
Is 7620 a factor of 1180612320?
True
Is 160 a factor of 405305459?
False
Is 1103158266 a multiple of 1735?
False
Does 77 divide 245559322?
False
Is 123037391 a multiple of 49?
False
Is 99473205 a multiple of 629?
True
Is 18 a factor of 84727662?
False
Is 21962964 a multiple of 8?
False
Is 9 a factor of 55760883?
False
Is 203 a factor of 92898281?
True
Does 821 divide 78572697?
False
Is 96521117 a multiple of 911?
False
Is 16090401 a multiple of 1846?
False
Does 1420 divide 25043247?
False
Does 5 divide 2109220?
True
Is 649509659 a multiple of 1630?
False
Is 43117490 a multiple of 47?
False
Is 12 a factor of 108936960?
True
Does 2142 divide 33086564?
False
Is 33994000 a multiple of 12?
False
Is 39 a factor of 42732703?
False
Is 4944 a factor of 1313898134?
False
Is 1122277051 a multiple of 193?
True
Is 389318905 even?
False
Is 10 a factor of 184159896?
False
Does 262 divide 871430260?
False
Does 11 divide 28227177?
True
Is 30589966 a multiple of 137?
False
Does 87 divide 3876981?
True
Does 58 divide 333655672?
True
Is 3950 a factor of 57963127?
False
Does 6649 divide 452236261?
False
Is 335680233 a multiple of 46?
False
Does 41 divide 310441299?
True
Is 7369275 a multiple of 12?
False
Is 252880552 a multiple of 4?
True
Does 966 divide 489921390?
True
Is 515 a factor of 93820154?
False
Is 2 a factor of 839070?
True
Is 11 a factor of 123080295?
False
Is 46785932 a multiple of 1799?
False
Is 346 a factor of 36431562?
False
Is 9 a factor of 32438031?
False
Is 620 a factor of 6572000?
True
Is 27135974 a multiple of 31?
True
Does 1857 divide 36164134?
False
Is 8220420 a multiple of 260?
True
Does 275 divide 24941400?
True
Is 9 a factor of 1193267295?
True
Is 20 a factor of 1404837980?
True
Is 98063694 a multiple of 3?
True
Is 36 a factor of 738301427?
False
Is 75935973 a multiple of 1841?
False
Is 579 a factor of 550758696?
True
Does 7 divide 52469823?
True
Does 775 divide 49591475?
True
Does 7 divide 5354062?
True
Does 12 divide 2354395456?
False
Is 1066 a factor of 112380918?
True
Is 118 a factor of 17423897?
False
Is 340 a factor of 248920800?
True
Does 33 divide 100599180?
True
Is 26626448 a multiple of 38?
True
Does 55 divide 394845?
True
Is 16680773 a multiple of 17?
False
Is 508 a factor of 1354294060?
False
Does 10 divide 613197400?
True
Is 35 a factor of 940223305?
True
Is 14407447 a multiple of 1486?
False
Does 614 divide 1264226?
True
Is 6 a factor of 599451044?
False
Is 47 a factor of 385334858?
True
Is 1264 a factor of 173592856?
False
Is 43 a factor of 12714584?
True
Is 46 a factor of 30284432?
False
Is 12 a factor of 11236040?
False
Is 19 a factor of 149067690?
False
Is 10 a factor of 913955756?
False
Is 8 a factor of 30302576?
True
Is 5846984 a multiple of 13?
True
Is 454 a factor of 608120958?
False
Is 38422606 a multiple of 11?
False
Is 1305 a factor of 398691855?
True
Is 11 a factor of 26320217?
True
Is 2958 a factor of 1962724182?
False
Is 9188565 a multiple of 112?
False
Does 1112 divide 20958542?
False
Is 1360510234 a multiple of 142?
False
Is 88893864 a multiple of 8?
True
Does 38 divide 248826615?
False
Is 56 a factor of 97811118?
False
Is 15934425 a multiple of 325?
True
Is 610 a factor of 244017690?
True
Is 1574 a factor of 2054773578?
True
Does 27 divide 111870381?
False
Is 16 a factor of 303336409?
False
Is 455277301 a multiple of 1271?
False
Is 1376 a factor of 24543712?
True
Is 5012880 a multiple of 15?
True
Does 3 divide 133712096?
False
Is 128 a factor of 19750180?
False
Does 27 divide 19740547?
False
Is 699959686 a multiple of 1051?
False
Is 183 a factor of 45800949?
False
Is 167956028 a multiple of 926?
True
Is 10956719 a multiple of 443?
True
Does 2809 divide 88026129?
False
Does 1704 divide 243235776?
True
Is 26 a factor of 17672812?
False
Is 5178863767 a multiple of 43?
False
Is 3267752 a multiple of 5?
False
Is 264194621 a multiple of 129?
False
Is 124145514 a multiple of 109?
False
Is 19438581 a multiple of 49?
False
Is 34354655 a multiple of 142?
False
Is 187742421 a multiple of 27?
True
Is 3530666 a multiple of 632?
False
Does 7 divide 48395181?
False
Does 88 divide 524552336?
True
Is 1471833504 a multiple of 324?
True
Does 3513 divide 519734960?
False
Is 21 a factor of 82801278?
True
Is 109 a factor of 21658468?
False
Is 952 a factor of 22752800?
True
Is 22880845 a multiple of 191?
True
Does 30 divide 14234550?
True
Is 2813541302 a multiple of 18?
False
Is 305811255 a multiple of 23?
False
Is 69144146 a multiple of 22?
False
Is 253 a factor of 33073724?
False
Is 53 a factor of 521468018?
False
Is 4294073898 a multiple of 6?
True
Is 299 a factor of 10077913?
False
Is 144063897 a multiple of 46?
False
Does 3 divide 117484604?
False
Does 1298 divide 89639880?
True
Is 719681844 a multiple of 28?
True
Does 17 divide 300114448?
False
Is 1129585197 a multiple of 22?
False
Is 130427550 a multiple of 54?
True
Is 120 